[INFO] fetching crate multiaddr 0.3.1...
[INFO] checking multiaddr-0.3.1 against try#72f88fc4e9458f89516a0b8b0868f3718aec5b47 for pr-74989
[INFO] extracting crate multiaddr 0.3.1 into /workspace/builds/worker-5/source
[INFO] validating manifest of crates.io crate multiaddr 0.3.1 on toolchain 72f88fc4e9458f89516a0b8b0868f3718aec5b47
[INFO] running `Command { std: "/workspace/cargo-home/bin/cargo" "+72f88fc4e9458f89516a0b8b0868f3718aec5b47" "read-manifest" "--manifest-path" "Cargo.toml", kill_on_drop: false }`
[INFO] started tweaking crates.io crate multiaddr 0.3.1
[INFO] finished tweaking crates.io crate multiaddr 0.3.1
[INFO] tweaked toml for crates.io crate multiaddr 0.3.1 written to /workspace/builds/worker-5/source/Cargo.toml
[INFO] running `Command { std: "/workspace/cargo-home/bin/cargo" "+72f88fc4e9458f89516a0b8b0868f3718aec5b47" "generate-lockfile" "--manifest-path" "Cargo.toml" "-Zno-index-update", kill_on_drop: false }`
[INFO] running `Command { std: "/workspace/cargo-home/bin/cargo" "+72f88fc4e9458f89516a0b8b0868f3718aec5b47" "fetch" "--locked" "--manifest-path" "Cargo.toml", kill_on_drop: false }`
[INFO] running `Command { std: "docker" "create" "-v" "/var/lib/crater-agent-workspace/builds/worker-5/target:/opt/rustwide/target:rw,Z" "-v" "/var/lib/crater-agent-workspace/builds/worker-5/source:/opt/rustwide/workdir:ro,Z" "-v" "/var/lib/crater-agent-workspace/cargo-home:/opt/rustwide/cargo-home:ro,Z" "-v" "/var/lib/crater-agent-workspace/rustup-home:/opt/rustwide/rustup-home:ro,Z" "-e" "SOURCE_DIR=/opt/rustwide/workdir" "-e" "CARGO_TARGET_DIR=/opt/rustwide/target" "-e" "CARGO_HOME=/opt/rustwide/cargo-home" "-e" "RUSTUP_HOME=/opt/rustwide/rustup-home" "-w" "/opt/rustwide/workdir" "-m" "1610612736" "--user" "0:0" "--network" "none" "rustops/crates-build-env@sha256:d92eaeed33fa75130ca1ee6c8a01d1ffb62bac859dfdfb3450e3e5d1c0146529" "/opt/rustwide/cargo-home/bin/cargo" "+72f88fc4e9458f89516a0b8b0868f3718aec5b47" "metadata" "--no-deps" "--format-version=1", kill_on_drop: false }`
[INFO] [stdout] 97f5741756bbff8b43bdb515eaf5dc4e4607b9b39ddaebbb778880b641c9a0c5
[INFO] [stderr] WARNING: Your kernel does not support swap limit capabilities or the cgroup is not mounted. Memory limited without swap.
[INFO] running `Command { std: "docker" "start" "-a" "97f5741756bbff8b43bdb515eaf5dc4e4607b9b39ddaebbb778880b641c9a0c5", kill_on_drop: false }`
[INFO] running `Command { std: "docker" "inspect" "97f5741756bbff8b43bdb515eaf5dc4e4607b9b39ddaebbb778880b641c9a0c5", kill_on_drop: false }`
[INFO] running `Command { std: "docker" "rm" "-f" "97f5741756bbff8b43bdb515eaf5dc4e4607b9b39ddaebbb778880b641c9a0c5", kill_on_drop: false }`
[INFO] [stdout] 97f5741756bbff8b43bdb515eaf5dc4e4607b9b39ddaebbb778880b641c9a0c5
[INFO] running `Command { std: "docker" "create" "-v" "/var/lib/crater-agent-workspace/builds/worker-5/target:/opt/rustwide/target:rw,Z" "-v" "/var/lib/crater-agent-workspace/builds/worker-5/source:/opt/rustwide/workdir:ro,Z" "-v" "/var/lib/crater-agent-workspace/cargo-home:/opt/rustwide/cargo-home:ro,Z" "-v" "/var/lib/crater-agent-workspace/rustup-home:/opt/rustwide/rustup-home:ro,Z" "-e" "SOURCE_DIR=/opt/rustwide/workdir" "-e" "CARGO_TARGET_DIR=/opt/rustwide/target" "-e" "CARGO_INCREMENTAL=0" "-e" "RUST_BACKTRACE=full" "-e" "RUSTFLAGS=--cap-lints=forbid" "-e" "CARGO_HOME=/opt/rustwide/cargo-home" "-e" "RUSTUP_HOME=/opt/rustwide/rustup-home" "-w" "/opt/rustwide/workdir" "-m" "1610612736" "--user" "0:0" "--network" "none" "rustops/crates-build-env@sha256:d92eaeed33fa75130ca1ee6c8a01d1ffb62bac859dfdfb3450e3e5d1c0146529" "/opt/rustwide/cargo-home/bin/cargo" "+72f88fc4e9458f89516a0b8b0868f3718aec5b47" "check" "--frozen" "--all" "--all-targets" "--message-format=json", kill_on_drop: false }`
[INFO] [stdout] cca02196cf01b1f405a75aacdec5ba7a48cc9a4cedb0f7ef99c698d8431dacbd
[INFO] [stderr] WARNING: Your kernel does not support swap limit capabilities or the cgroup is not mounted. Memory limited without swap.
[INFO] running `Command { std: "docker" "start" "-a" "cca02196cf01b1f405a75aacdec5ba7a48cc9a4cedb0f7ef99c698d8431dacbd", kill_on_drop: false }`
[INFO] [stderr]    Compiling typenum v1.12.0
[INFO] [stderr]    Compiling proc-macro2 v1.0.21
[INFO] [stderr]     Checking byte-tools v0.3.1
[INFO] [stderr]    Compiling unicode-xid v0.2.1
[INFO] [stderr]     Checking opaque-debug v0.2.3
[INFO] [stderr]    Compiling proc-macro-hack v0.5.18
[INFO] [stderr]     Checking fake-simd v0.1.2
[INFO] [stderr]     Checking arrayvec v0.5.1
[INFO] [stderr]     Checking unsigned-varint v0.3.3
[INFO] [stderr]     Checking block-padding v0.1.5
[INFO] [stderr]     Checking blake2s_simd v0.5.10
[INFO] [stderr]     Checking blake2b_simd v0.5.10
[INFO] [stderr]    Compiling quote v1.0.7
[INFO] [stderr]    Compiling syn v1.0.40
[INFO] [stderr]     Checking generic-array v0.12.3
[INFO] [stderr]     Checking block-buffer v0.7.3
[INFO] [stderr]     Checking digest v0.8.1
[INFO] [stderr]     Checking sha3 v0.8.2
[INFO] [stderr]     Checking sha-1 v0.8.2
[INFO] [stderr]     Checking sha2 v0.8.2
[INFO] [stderr]     Checking multihash v0.10.1
[INFO] [stderr]    Compiling data-encoding-macro-internal v0.1.8
[INFO] [stderr]     Checking data-encoding-macro v0.1.8
[INFO] [stderr]     Checking multibase v0.8.0
[INFO] [stderr]     Checking cid v0.3.2
[INFO] [stderr]     Checking multiaddr v0.3.1 (/opt/rustwide/workdir)
[INFO] [stdout] warning: trait objects without an explicit `dyn` are deprecated
[INFO] [stdout]   --> src/errors.rs:13:22
[INFO] [stdout]    |
[INFO] [stdout] 13 |     ParsingError(Box<error::Error + Send + Sync>),
[INFO] [stdout]    |                      ^^^^^^^^^^^^^^^^^^^^^^^^^^ help: use `dyn`: `dyn error::Error + Send + Sync`
[INFO] [stdout]    |
[INFO] [stdout]    = note: `#[warn(bare_trait_objects)]` on by default
[INFO] [stdout] 
[INFO] [stdout] 
[INFO] [stdout] warning: trait objects without an explicit `dyn` are deprecated
[INFO] [stdout]   --> src/errors.rs:34:32
[INFO] [stdout]    |
[INFO] [stdout] 34 |     fn cause(&self) -> Option<&error::Error> {
[INFO] [stdout]    |                                ^^^^^^^^^^^^ help: use `dyn`: `dyn error::Error`
[INFO] [stdout] 
[INFO] [stdout] 
[INFO] [stdout] warning: trait objects without an explicit `dyn` are deprecated
[INFO] [stdout]   --> src/errors.rs:13:22
[INFO] [stdout]    |
[INFO] [stdout] 13 |     ParsingError(Box<error::Error + Send + Sync>),
[INFO] [stdout]    |                      ^^^^^^^^^^^^^^^^^^^^^^^^^^ help: use `dyn`: `dyn error::Error + Send + Sync`
[INFO] [stdout]    |
[INFO] [stdout]    = note: `#[warn(bare_trait_objects)]` on by default
[INFO] [stdout] 
[INFO] [stdout] 
[INFO] [stdout] warning: trait objects without an explicit `dyn` are deprecated
[INFO] [stdout]   --> src/errors.rs:34:32
[INFO] [stdout]    |
[INFO] [stdout] 34 |     fn cause(&self) -> Option<&error::Error> {
[INFO] [stdout]    |                                ^^^^^^^^^^^^ help: use `dyn`: `dyn error::Error`
[INFO] [stdout] 
[INFO] [stdout] 
[INFO] [stdout] warning: use of deprecated associated function `std::error::Error::description`: use the Display impl or to_string()
[INFO] [stdout]   --> src/errors.rs:18:21
[INFO] [stdout]    |
[INFO] [stdout] 18 |         f.write_str(error::Error::description(self))
[INFO] [stdout]    |                     ^^^^^^^^^^^^^^^^^^^^^^^^^
[INFO] [stdout]    |
[INFO] [stdout]    = note: `#[warn(deprecated)]` on by default
[INFO] [stdout] 
[INFO] [stdout] 
[INFO] [stdout] warning: use of deprecated associated function `std::error::Error::description`: use the Display impl or to_string()
[INFO] [stdout]   --> src/errors.rs:18:21
[INFO] [stdout]    |
[INFO] [stdout] 18 |         f.write_str(error::Error::description(self))
[INFO] [stdout]    |                     ^^^^^^^^^^^^^^^^^^^^^^^^^
[INFO] [stdout]    |
[INFO] [stdout]    = note: `#[warn(deprecated)]` on by default
[INFO] [stdout] 
[INFO] [stdout] 
[INFO] [stdout] error[E0277]: the trait bound `cid::Error: std::error::Error` is not satisfied
[INFO] [stdout]   --> src/errors.rs:50:33
[INFO] [stdout]    |
[INFO] [stdout] 50 |         Error::ParsingError(err.into())
[INFO] [stdout]    |                                 ^^^^ the trait `std::error::Error` is not implemented for `cid::Error`
[INFO] [stdout]    |
[INFO] [stdout]    = note: required because of the requirements on the impl of `From<cid::Error>` for `Box<dyn std::error::Error + Send + Sync>`
[INFO] [stdout]    = note: required because of the requirements on the impl of `Into<Box<dyn std::error::Error + Send + Sync>>` for `cid::Error`
[INFO] [stdout] 
[INFO] [stdout] 
[INFO] [stdout] error[E0277]: the trait bound `cid::Error: std::error::Error` is not satisfied
[INFO] [stdout]   --> src/errors.rs:50:33
[INFO] [stdout]    |
[INFO] [stdout] 50 |         Error::ParsingError(err.into())
[INFO] [stdout]    |                                 ^^^^ the trait `std::error::Error` is not implemented for `cid::Error`
[INFO] [stdout]    |
[INFO] [stdout]    = note: required because of the requirements on the impl of `From<cid::Error>` for `Box<dyn std::error::Error + Send + Sync>`
[INFO] [stdout]    = note: required because of the requirements on the impl of `Into<Box<dyn std::error::Error + Send + Sync>>` for `cid::Error`
[INFO] [stdout] 
[INFO] [stdout] 
[INFO] [stdout] error: aborting due to previous error; 3 warnings emitted
[INFO] [stdout] 
[INFO] [stdout] 
[INFO] [stdout] For more information about this error, try `rustc --explain E0277`.
[INFO] [stdout] 
[INFO] [stdout] error: aborting due to previous error; 3 warnings emitted
[INFO] [stdout] 
[INFO] [stdout] 
[INFO] [stdout] For more information about this error, try `rustc --explain E0277`.
[INFO] [stdout] 
[INFO] [stderr] error: could not compile `multiaddr`.
[INFO] [stderr] 
[INFO] [stderr] To learn more, run the command again with --verbose.
[INFO] [stderr] warning: build failed, waiting for other jobs to finish...
[INFO] [stderr] error: build failed
[INFO] running `Command { std: "docker" "inspect" "cca02196cf01b1f405a75aacdec5ba7a48cc9a4cedb0f7ef99c698d8431dacbd", kill_on_drop: false }`
[INFO] running `Command { std: "docker" "rm" "-f" "cca02196cf01b1f405a75aacdec5ba7a48cc9a4cedb0f7ef99c698d8431dacbd", kill_on_drop: false }`
[INFO] [stdout] cca02196cf01b1f405a75aacdec5ba7a48cc9a4cedb0f7ef99c698d8431dacbd
